What is -1 + 7 - (-8 - -11)?
3
Evaluate 4 + (20 - 16 - (3 + 1)).
4
What is -3 + (3 + 1 - 3) + 1?
-1
Evaluate (-9 - -2) + -1 - (-19 + 15).
-4
What is the value of -8 - -6 - (-1 - 3)?
2
Calculate -5 - (2 - (10 + 2)).
5
Evaluate 7 - 10 - (1 + -4).
0
-7 - (-3 + 2 - 6)
0
Calculate 3 - (10 + 1 - 2).
-6
Evaluate 4 - (-2 + (4 - -4)).
-2
Evaluate 1 - (0 + -1 + -2) - -1.
5
Evaluate (-8 - -7) + -3 + 2.
-2
What is 0 - (2 - (1 + 2)) - 3?
-2
What is the value of -25 + 7 + 7 - -13?
2
What is the value of -11 + 0 + (-12 - -23 - 6)?
-6
What is the value of 7 + -4 - 0 - (-1 - 4)?
8
What is the value of -2 - (2 + -5 + 4)?
-3
Calculate -1 + -1 + -8 - (-6 + 0).
-4
What is the value of 1 - -1 - ((-2 - 4) + 5)?
3
Evaluate -3 + 6 + (2 - -2 - -1).
8
Calculate 4 - (6 + 8 + -7).
-3
Evaluate -4 - (6 - 4 - -3).
-9
What is -5 + 12 - ((2 - 3) + 4)?
4
What is the value of 8 - 15 - (-10 + 3 + 2)?
-2
What is the value of -5 + (8 + -14 - -13)?
2
What is the value of 1 - (-3 + -3 + 3 + -1)?
5
-2 + 8 - (14 + -3)
-5
What is the value of -7 + (4 + -8 - -10)?
-1
What is -11 + (2 - -9 - 5)?
-5
Calculate (-7 - -7) + (0 - -2).
2
Calculate 6 - (-9 - -10) - (4 + 0).
1
-4 - (0 - 0) - -3
-1
What is the value of -2 - (2 - (2 - 0))?
-2
What is -3 - -17 - 7 - 1?
6
What is the value of -1 + -7 - (-58 + 46)?
4
Evaluate -7 - (-11 + 6) - 2 - 0.
-4
What is the value of -10 + 12 + 1 + (1 - 6)?
-2
Calculate 1 + (4 - 6) + 4.
3
-5 + (-2 + (-5 - -7) - -5)
0
What is the value of (-1 + 2 - -1) + (-7 - -8)?
3
What is (6 - 9) + 3 - -3?
3
What is the value of (-1 - (6 + -5)) + (-1 - -3)?
0
Evaluate (-7 - -3 - 0) + -1 - -1.
-4
(-3 - ((-3 - 0) + 0)) + -5
-5
What is the value of 8 + -24 + 9 + -1?
-8
What is the value of 8 - (15 + -8 + -1)?
2
What is the value of -4 - -2 - (3 + 1 - -1)?
-7
(10 - (-3 + 10)) + 0
3
What is -5 + (9 - -5) - 5?
4
Calculate 1 + (-1 - (-3 + 5)) + 3.
1
Calculate (-28 - -21) + (-2 - -15).
6
What is the value of -1 - (-11 - (-4 - 0)) - 2?
4
Evaluate -3 + 2 + -6 + 10 + -11.
-8
3 + -2 - (-1 - -1)
1
-4 - (2 - (2 - 0))
-4
What is 8 + (1 - 14) + 8?
3
Calculate -5 + (-3 + 8 - -6).
6
Evaluate (-6 - 0) + (-12 - (-25 - -10)).
-3
Calculate 1 + (1 - 3) + 5.
4
Evaluate (7 - 7) + -1 + -2 + -2.
-5
What is the value of 6 + -8 - (5 - 5)?
-2
6 + 0 + -4 + 3
5
Calculate -4 + 6 - (0 - 2) - 0.
4
Calculate (-14 - 8 - -30) + (0 - 19).
-11
Evaluate 4 - (4 + -1 + 0) - 6.
-5
What is 4 + 2 + -7 + (-1 - 4)?
-6
What is (-19 - (-12 + -4)) + 0 + 2?
-1
(-2 - (11 - 5)) + 7
-1
Evaluate (-5 - -3 - -3) + (4 - 4).
1
-4 - ((12 - 6) + -8 + -5)
3
Calculate (-6 + 5 - 1) + 4.
2
Calculate -8 + (6 - 0) - -7.
5
Calculate 0 + 4 + -3 + -4 + 2.
-1
What is (8 + -10 - -5) + 1 + 4?
8
What is the value of -1 - (-6 + (6 - 2) + -5)?
6
Calculate -2 + (-6 + 4 - (1 - 0)).
-5
-4 + (-3 - (-4 + 0))
-3
Evaluate (138 - 124) + (-10 - -1 - -1).
6
0 - (4 - 4) - -1
1
What is -8 + (-4 - 0) - -2 - -5?
-5
(1 + 3 - 10) + -1 + 3
-4
Evaluate 1 + 2 + 1 + (-9 - 0).
-5
-1 - ((3 - 11) + 5) - -3
5
Calculate (-2 - 1) + (13 - 16) + 3.
-3
What is 0 + 1 - (-1 + -1)?
3
(1 - 0 - (3 + 0)) + 3
1
What is the value of (11 - -2) + -9 + (-5 - -2)?
1
What is the value of -5 + -3 + (-2 + 4 - -2)?
-4
What is the value of 1 - -5 - (-2 - -4)?
4
13 - 18 - (-6 + (-1 - -3))
-1
Evaluate (-4 - -1) + (6 - 2) - 6.
-5
Evaluate 5 - (-15 + 17) - (0 + 3).
0
Evaluate (7 - (-2 - -7)) + 0.
2
1 + -6 - (62 - 63)
-4
What is the value of (-3 - -1 - (3 + -2)) + -1?
-4
What is -3 - (-2 + 2) - -5?
2
Evaluate 3 - (5 + -7 + 4 - -1).
0
Calculate -10 - (-19 + (10 - 1)).
0
Evaluate -4 + (2 - (2 + -4)).
0
Evaluate (5 - 3) + 1 + -4 - -1.
0
Calculate 0 - (3 - (2 + 1) - 1).
1
What is 7 + -6 - (-5 - -13)?
-7
What is -5 + 8 + -5 + 0 + 6?
4
Calculate (1 - (-1 + -4)) + -5 + 4.
5
(5 - 0) + -2 + 3 + -4
2
Evaluate -5 + (11 - 0 - (5 - 3)).
4
What is the value of 0 - -1 - (2 + 1 + 0)?
-2
What is -2 + -1 + (-2 - -6)?
1
What is -1 + 4 + 1 + 2 + -4?
2
Evaluate -11 - (1 - 10 - 3).
1
Calculate 4 + (4 - 0) + (8 - 13).
3
7 - 11 - 1 - -7
2
Calculate -15 + 13 + (2 - 0).
0
Calculate -1 + (-1 - -9 - 3).
4
What is 0 + -4 + -10 + 15 - -2?
3
What is 19 - 10 - (-3 - -8)?
4
What is -1 - (-4 - (-6 + 5 + -4))?
-2
Calculate (-24 - -25) + 0 + 1.
2
Evaluate -7 + (-3 + 16 + 5 - 7).
4
What is the value of -1 - (-2 + 4 + 0)?
-3
What is -1 + -1 + 2 + -8 + 4?
-4
-4 - (-4 - -4) - (-3 + -1)
0
What is the value of -2 - (0 + (4 - 4) - -1)?
-3
(-9 - -1 - -17) + -3
6
What is the value of -10 - (-4 + 2) - -10?
2
What is the value of 0 + (6 + -2 - (2 - 1))?
3
(0 - 0) + (8 - 6) + -6
-4
Calculate -7 + 4 + (-4 - (-3 + 0)).
-4
Evaluate 8 + (4 + -4 - 0).
8
What is the value of (-7 - -6) + 1 + -5?
-5
What is the value of (1 - -1) + 1 + (3 - 6)?
0
-3 + (1 - 4 - -5) - -5
4
(-3 + (3 - -4) - 3) + -6
-5
What is the value of 0 + 1 + (-8 - -4 - -5)?
2
(-16 - -7) + 14 + (0 - 1)
4
Evaluate -1 - 4 - (-6 + (2 - 5)).
4
Evaluate (6 - 2) + 0 + -3 + -4.
-3
What is the value of -2 + -4 + 2 - 1?
-5
What is the value of -4 + 5 + -7 - -1?
-5
Evaluate (-1 - (-4 + 4 + 2)) + 6.
3
What is the value of 6 + -3 + (-6 - (-1 - 2))?
0
What is -4 - -2 - (3 + -1)?
-4
Calculate 6 - (-1 + (15 - 3)).
-5
Evaluate 6 - -1 - (-15 + 26).
-4
Evaluate (1 - 6) + 0 + 2 + 5.
2
Calculate 12 - (8 - 3 - -2).
5
(-2 - 0) + (-10 - -11)
-1
Calculate 20 + -13 + 2 + -14.
-5
What is the value of (26 - 24) + (-4 - 2) + 0?
-4
What is the value of 1 - (-6 + 17 + -13)?
3
Calculate 0 + -6 - (1 + -2 - 1).
-4
(-7 - -16) + -9 - 7
-7
-11 - -2 - (-7 + 4 + -1)
-5
Calculate 4 + (-5 - (1 + -5)).
3
What is the value of 5 - (5 - 5) - 1?
4
2 - 7 - (-4 - -3) - 2
-6
4 + (-6 - (-2 - (-2 + 3)))
1
Calculate (5 - 2) + -12 + 11.
2
Evaluate (-31 - -47) + (0 - 10).
6
Calculate -4 - ((-9 - -10) + -6).
1
What is 30 + -30 - (1 + -4)?
3
Evaluate -3 + 0 + -1 + 1 + 2.
-1
Evaluate 4 + -3 - (-2 - (2 - 2)).
3
Calculate 7 + -4 + 5 + -13.
-5
What is the value of 5 - (-1 - (-6 + 9))?
9
What is -11 + -5 + -7 + 21?
-2
What is the value of 3 + -1 + -1 + -1 + 0?
0
What is the value of 6 - (8 + -5 + 4)?
-1
Calculate (-8 - 0 - -5 - -15) + -4.
8
Evaluate -1 - (-1 - (1 - 5)) - -1.
-3
Evaluate -12 + 8 - (-2 + (1 - 0)).
-3
Calculate 0 + -1 + 4 + 10 + -7.
6
Evaluate -1 + 2 - (0 - -2).
-1
What is the value of 15 + (6 - 5) + -7 + 0?
9
Evaluate -6 - (-6 + 7 + -4).
-3
(5 - (8 + 6)) + -1
-10
What is 5 - 9 - -11 - -5 - 2?
10
4 + 2 + -1 + -10
-5
Evaluate (-2 - 2) + (3 - (-4 - -6)).
-3
Evaluate 11 - (24 + 0 - 9).
-4
What is 16 + -9 - ((-5 - -4) + 3)?
5
What is the value of -4 + 6 + -5 - 0?
-3
Calculate 0 + -1 - (1 - -4) - 0.
-6
Evaluate (-3 - (-3 - 4)) + (-5 - 0).
-1
Calculate -2 + 4 - (7 + (-12 - -9)).
-2
What is -1 + 3 + 3 + -3?
2
Evaluate 0 - -3 - (11 - (-5 + 9)).
-4
Evaluate -3 - (-6 + -5 + 1 + 2).
5
What is (-20 - -19) + 1 + 7?
7
5 - (-9 + 13 - -5)
-4
What is (6 + 1 - 7) + -1 + 4?
3
(-1 - (-4 + 2)) + 0
1
Calculate -4 + 2 - (2 - (0 - -8)).
4
-2 - -2 - (0 - 7 - -3)
4
Calculate (-5 - -10) + 1 + -1.
5
What is 8 - (7 + -3 - 0) - 3?
1
Evaluate 5 - (3 - -4 - 3).
1
Calculate 2 - ((2 - (2 - 1)) + -3).
4
What is 1 + -9 - (-2 + -2) - -6?
2
Evaluate (2 - 2) + 3 + (-1 - -3).
5
(6 + -13 - -11) + 0 + 1
5
Evaluate (-7 + 13 - 3) + -1 - 9.
-7
Evaluate 3 - (-1 + 0 + 2 + 1).
1
What is (-2 - -17) + -18 - (-2 + -1)?
0
Calculate (-3 - 1) + -1 + 9.
4
0 + -2 - ((-4 - -1) + 2)
-1
What is (10 + -1 - 11) + 5?
3
Evaluate -67 + 63 + 2 + 1.
-1
-2 - (18 + -9 + -4)
-7
What is (-7 - (3 - 13)) + (-7 - 1)?
-5
Evaluate -1 + 23 + (-1 - 4) + -7.
10
Calculate -5 - (-3 - -1) - -6.
3
(-1 - 5) + -40 + 38
-8
What is (-2 - 5) + 18 + -1 + -10?
0
What is 175 + -156 - (11 - -1)?
7
What is the value of 0 - (-3 + (2 - 3))?
4
1 + (0 - (-2 + -1 - -1))
3
Evaluate -11 + (-4 - (-9 - 0)).
-6
Calculate -5 - ((-2 - 1) + -3).
1
What is the value of (5 - (11 - 4)) + -3?
-5
Evaluate -2 + 4 + -1 - (-8 + 7).
2
What is the value of (-1 - 3) + 0 - -10?
6
What is the value of -6 + (-8 - -15) - (4 + 0)?
-3
Evaluate -4 + 1 - (2 - 10).
5
Evaluate (-2 - (-6 - -4)) + -1.
-1
What is -12 - -8 - (-2 + 1 - 3)?
0
Evaluate -2 + (5 - 6) - (1 - 1).
-3
What is 2 + (-3 - -1) + 1 + 3?
4
Evaluate (2 + -4 - 1) + -1.
-4
-5 + (-3 - 1) + 9
0
Evaluate 3 + (6 - (-1 + (3 - -2))).
5
(0 - 4) + 11 - 7
0
4 - 1 - (-4 - 0)
7
Calculate 0 - (5 + -4 + 2) - -1.
-2
What is the value of 2 - (7 + -1 - -1)?
-5
7 + -3 - 3 - (-4 - -2)
3
What is 25 - (23 - (-2 